 is the value of (193 + -238 - (6 + -123)) + 0 + (5 - 1)?
76
What is the value of 2 + (-11 + 4 + 8 + -2 + 12 - -10)?
23
What is 85 - (157 + (-56 - -63))?
-79
What is the value of -2 - 6 - (-59 + (2 + -8 - -19) + 4)?
34
Calculate -14 - 1 - (228 + -204 + 1 + 2).
-42
Evaluate -42 + -26 + -46 + 96.
-18
Evaluate 5 - 13 - 3 - (-7 - (23 + -17)).
2
Calculate (-24 - 27) + 43 + 35.
27
Calculate -4 + (-1 - -13) - (42 + 10).
-44
Calculate (-20 - -5) + 5 - (17 + -5 + -10).
-12
Calculate (24 - 4) + -44 - (-1 - (-7 + 13)).
-17
What is (-69 - 2) + 181 + -199 + (-1 + -1 - -14)?
-77
Evaluate (-59 - (-10 - 145)) + -49.
47
What is the value of (0 - 5 - -6) + -6 - (117 - 89)?
-33
Calculate (5 - -66) + -6 - ((8 - 14) + 0 + 1).
70
Calculate 6 + (25 + -50 - -20) + (-12 - 1).
-12
What is the value of 89 + (-1 - -8) + -53 + 30 + (-7 - -28)?
94
What is -8569 - -8597 - (0 + -9)?
37
What is the value of (-2 - (115 - 7)) + (45 - (90 + -56))?
-99
What is (21 - (6 + 11 + -6)) + -2 + 2 - 38?
-28
What is the value of 18 + -1 + -1 - (44 + 77 - 159)?
54
Evaluate 73 + 6 + -33 + 28 + (-6 - 9).
59
Evaluate -392 - -310 - (-94 - -8).
4
Evaluate (4 - -4 - -2) + (40 + 21 + -34 - -65).
102
What is the value of 51 + (21 - 65) + (-48 - (2 + -5 + 4))?
-42
Evaluate 10 + -55 + 82 + -50 - (0 + -9).
-4
-4 - (82 + -31) - 19
-74
What is 10 + -37 - (7 - 6 - (-4 + -1 + 9))?
-24
Calculate -38 - ((-2 - -4) + (-39 - -17)).
-18
What is -20 + -13 - 0 - -9?
-24
10 - (22 + -10 + -10) - 16 - (53 + 1)
-62
Calculate 9 - 1 - (15 - 39 - -7).
25
(-30 - (-18 - 27)) + 101
116
Evaluate (8 - 15 - (-39 - -6)) + -12.
14
Evaluate (2 - -10) + -18 + (-2 - -7) - -63.
62
What is the value of 1 + -76 - (-4935 - -4811)?
49
What is the value of 8 + (12 - -23 - -9) + -4 - (-2 - -10)?
40
Calculate -50 - (4 + -51 + 13).
-16
2 + 4 - (3 + -17 - (-95 + 40))
-35
Evaluate -1 + 1 - 2 - (67 - 89 - -70).
-50
Evaluate 4 + 10 - (32 + 2 + -38 - -18).
0
What is the value of -86 - (-26 + (138 - 105))?
-93
2 + 3 + 76 - (3829 - 3826)
78
What is -1 - 14 - (-3834 + 3780)?
39
Evaluate 26 - -3 - (8 + -65 - -32).
54
Calculate -15 + -1 + -5 + 23 + (0 - 40).
-38
15 + -18 - (18 - 133) - 45
67
What is the value of 9 - (-87 + (-3 - 25) + 48)?
76
Evaluate (2 + (0 - -8) - (21 + -65)) + 12 + -11.
55
What is -258 + 245 - (29 + -33 - (0 - (1 + 4)))?
-14
Evaluate (43 - 26) + 12 + -38.
-9
What is the value of -54 + -20 + -16 + 34 - (-3 - -5 - -7)?
-65
What is (-30 - -1) + (-12 - (3 - 16 - 0) - -8)?
-20
Evaluate -16 - -18 - 2 - (0 + -46 - -7).
39
Evaluate -12 + 6 + (-8 - (11 + (-3 - 9))).
-13
What is 106 + -39 + -53 - ((8 - -1) + 1)?
4
7 - 0 - (21 - (19 + -73)) - (11 + 1)
-80
What is the value of 25 + 47 + (-21 - 34) + (0 + 9 - 2)?
24
Evaluate 58 + 0 - (11 + 1 + (-39 - (-72 - -49))).
62
What is -25 + 0 + -97 + (1 + 24 - 17)?
-114
What is 9 + (29 - (9 + -17) - -4)?
50
What is -13 + 25 + -76 - -56?
-8
Calculate (82 - -4) + (-31 - -28) + (-8 - -2 - -10).
87
What is the value of (-24 - 2) + ((-8 - 71) + 71 - (-7 + 0))?
-27
What is 39 + -58 + 93 + 0 + 13 + -16 - -7?
78
What is -51 - (197 - 177 - (9 + -1)) - (3 + -3)?
-63
(-67 - (-88 + 43)) + 30
8
(-6 + 11 + -9 - -3) + 14 - 23
-10
What is the value of -30 - (1 + -60) - (-7 - 3)?
39
What is the value of (5 - -11) + -18 + -22 - (3 + 1 - 10)?
-18
(37 - 97) + (53 - 3)
-10
What is (-1 - (-12 + 38 + -10)) + -36 + -5?
-58
Evaluate 1 + 1 + -34 + (35 - 10) - 49.
-56
Calculate -17 - ((-12 - -31 - 36) + (1 - (-4 + -3))).
-8
Evaluate (8 - (70 + 81)) + 118.
-25
What is the value of (12 + 21 - 20) + -142 + (-6 - -13)?
-122
What is 24 + (24 + -18 - -8) - 67?
-29
What is 135 + (-18 - 127 - -113)?
103
Calculate 422 - 390 - (10 + -48).
70
Calculate 91 - 99 - 110 - -70.
-48
26 + -43 + 16 + 35 - 113
-79
Calculate 70 + (-10 - -41 - 59).
42
Evaluate -15 + (10 - -38) + -15 - (6 + -7 + 9).
10
What is -22 + (9 - (22 - 43)) + -8?
0
What is the value of 6 + (48 - 42) + -34?
-22
What is (10 - 33) + 2 + 49?
28
What is the value of (-47 - -105 - (6 - -21)) + -13?
18
What is -19 + (-3 + 2 - (-2 - (-10 - -13))) - -75?
60
What is (-92 - -40) + 42 + -22?
-32
What is the value of (-17 + 3 - -4 - -21) + 2?
13
What is the value of 0 + -1 + 50 - (-113 + (128 - 25))?
59
Evaluate (2 - 36) + 5 + 12 - -12.
-5
What is (75 - ((-19 - (-14 - -2)) + -14)) + 0?
96
-560 - -553 - (-17 + (6 - 5))
9
Evaluate 0 + -19 + (16 - 0) + -31.
-34
Calculate 0 + -38 - (-9 - -36 - 68 - -28).
-25
Calculate (20 - 186) + 268 + (-1 - 16) + -19.
66
What is the value of -5 - (-2 + 50 - 60 - (1 + -4))?
4
(-8 - (-57 - -23)) + -30
-4
What is 68 + (-4 - -81) + -86?
59
Evaluate 35 + -27 + (-11 + -28 - -16).
-15
Evaluate -3 + -9 - -13 - 2 - ((-5 - 5) + -3).
12
35 + (-20 - (1 + 2))
12
What is the value of (50 - (-6 - (-45 + 10))) + 9 + -1?
29
381 - 362 - (-1 + 18)
2
What is the value of (3 - (1 - 10)) + (-68 - -37) + 19?
0
What is the value of -35 - (-4 - (56 + -32))?
-7
Evaluate 15 - (13 + 51 - 44).
-5
What is (0 - 59) + (-2 + 14 - (198 + -189))?
-56
-66 + -2 - (18 + -44 + 4)
-46
Calculate (46 + -61 + 15 - -29) + -135.
-106
What is (91 - 34) + -114 + 52?
-5
What is the value of 19 - 64 - -44 - -15?
14
93 - (-55 + -44 + 118)
74
What is 51 - (147 - 52 - 42) - (0 - -88)?
-90
Calculate (-7 + 19 + 100 + -109 - (8 - -1)) + 10.
4
What is the value of -2 + -27 - ((-6 - (23 + -17)) + 12)?
-29
Evaluate -5273 - -5291 - (43 - 1).
-24
4 + -17 + (-5 - 11) - -20
-9
Calculate 80 + (-37 - (16 + 40)).
-13
50 + -3 + -3 + 5 - (-77 - (-55 - 21))
50
What is the value of (195 - 153) + 7 + -151 - (-1 - (2 + -14))?
-113
8 + (14 - -12 - (5 + 91))
-62
Calculate 26 - (6 - -17 - -7).
-4
Evaluate 7 - (-20 - -6) - (0 + -28).
49
Evaluate 50 - ((5 - -12) + (-11 + 3 - (1 - -1))).
43
What is the value of 5 - (4 - -3) - (12 - (80 + -81))?
-15
What is -12 - -1 - (15 + -6 - (-89 + 96))?
-13
Evaluate -13 + 5 - (13 + 17 + -27) - -24.
13
(13 - 7) + -1 + 3 + -21 - -5
-8
Evaluate ((-14 - 6) + -2 - -22) + (2 - 55).
-53
What is the value of 43 - (-7 + (69 - 46))?
27
What is 99 + 65 + -147 + 17?
34
(9 - 1) + -45 + (37 - 9) + (3 - 49)
-55
Calculate (41 - -2) + 8 + -1 + (1018 - 1043).
25
Calculate 16 - (-35 + 3 + 28) - 14.
6
11 + (2 - 4 - -31) - -26
66
Calculate 1 + (-10 + -2 - (-5 - (-17 + 12 - -8))).
-3
Calculate 8 + (9 + 9 - 16) + 7 + (-4 - -55).
68
What is (1 - -10) + (-3 - -3 - -1) + -129?
-117
Evaluate -30 - 8 - (-22 + -12).
-4
What is the value of 137 + 149 + -316 + -1 + 49?
18
-27 - (-62 - -19) - 32
-16
Calculate 24 - ((-241 - -216) + (0 + 12 - 0)).
37
6 + -13 + (9 - 3) + -21
-22
18 + -4 - (-471 + 459)
26
81 + -5 + -56 - 53
-33
Evaluate 54 - (57 + (-35 - 1)).
33
Calculate -1 + 0 - (21 - 2) - (-54 - (-39 - 10)).
-15
What is the value of -61 - (-19 - (-10 - (-23 - -30)) - (0 + -11))?
-70
What is (-24 - -12) + -2 + -13 + -8 + -4?
-39
-36 + 2 + (0 - 7) - (-56 - -45)
-30
What is (65 - 32) + 26 + 0?
59
What is -53 + (61 - (-24 - -68)) + -7 + -2?
-45
Calculate (-42 - (-29 + -42)) + (1 - 89).
-59
5 + (-30 - (5 - 27))
-3
What is 102 + -63 + -25 + 50?
64
Evaluate 23 + -17 + 4 - 66 - (2 - 8).
-50
29 - 2 - (-33 + 18 - (0 - 22))
20
-7 - (2 + -33 + (127 - 116) + (-5 - 1))
19
Evaluate 51 + (-12 + 42 - 115).
-34
Evaluate 19 + (25 + -35 - (-18 + (-6 - -124))).
-91
Evaluate 4 + -7 - (-44 + (3 - (20 - 0))).
58
What is 166 - 176 - (6 + -31 + (2 - (-3 - 0)))?
10
What is the value of -1901 + 1881 + 2 + 1 + -30?
-47
What is the value of (170 - 143) + 28 + -96?
-41
Evaluate 22 - 25 - 24 - (-48 - -15).
6
What is the value of -14 - -20 - ((-4 - (-4 + 2)) + (9 - 3))?
2
6 + -15 + 12 + 100
103
Calculate 7 + (43 + -55 - (-4 + -2 + -52 + -4)).
57
What is the value of -45 - (113 + -96 - (1 - 3))?
-64
Calculate -4 + -11 + 16 - (0 + 5).
-4
What is (-11 - -3) + (15 - 7) + -2?
-2
What is the value of (22 - (-7 - -10)) + (-15 - 5)?
-1
What is the value of 142 - 136 - ((-15 - 4) + 1)?
24
What is 19 - (31 + -21 + 2)?
7
Evaluate (8 - 0) + (21 - (81 - -37)).
-89
Evaluate -4 - ((3 - -4) + (1 + 44 - (-2 - 0))).
-58
Evaluate -2 + (49 - 1) - (5315 + -5270 - (32 - 0)).
33
Evaluate (26 - 2) + (64 - 1 - (6519 - 6499)).
67
What is -19 + 0 + -22 + 30 + (-19 - 24)?
-54
What is the value of (-58 - -2) + 6970 + -7021 - ((1 - -1) + -1)?
-108
What is -322 - -362 - (-5 + -42)?
87
What is -15 + (-79 - -91) + 77?
74
What is (-5 - (1 + 34 - 37)) + (1 - 0)?
-2
Evaluate 45 - (-3 + -3